{"id":41,"date":"2025-10-14T08:48:54","date_gmt":"2025-10-14T08:48:54","guid":{"rendered":"https:\/\/eeasy.put.poznan.pl\/?page_id=41"},"modified":"2025-11-04T08:13:38","modified_gmt":"2025-11-04T08:13:38","slug":"zadanie-4-opis","status":"publish","type":"page","link":"https:\/\/eeasy.put.poznan.pl\/?page_id=41","title":{"rendered":"Zadanie 4 &#8211; Opis"},"content":{"rendered":"\n<p>Zadanie polega na opracowaniu strategii promocji i komunikacji, kt\u00f3ra podkre\u015bli nowoczesny charakter rozwi\u0105za\u0144 stosowanych przez PP w zakresie oferty dydaktycznej skierowanej do os\u00f3b przyje\u017cd\u017caj\u0105cych w ramach programu ERASMUS+ oraz otwarto\u015b\u0107 i przyjazno\u015b\u0107 PP wobec student\u00f3w mi\u0119dzynarodowych. Strategia skupi si\u0119 na rozpropagowaniu Platformy, elastycznej oferty dydaktycznej w ramach programu ERASMUS+ oraz nowej strategii kszta\u0142cenia opracowanej w Projekcie. Dzia\u0142ania zostan\u0105 dostosowane do potrzeb m\u0142odych odbiorc\u00f3w, bior\u0105c pod uwag\u0119 ich zr\u00f3\u017cnicowane pochodzenie kulturowe i zwyczaje komunikacyjne.<\/p>\n\n\n\n<p>W pierwszym etapie powo\u0142any zostanie koordynator ds. promocji, kt\u00f3ry wsp\u00f3lnie z interdyscyplinarnym zespo\u0142em (przedstawiciele zada\u0144 1\u20133, Dzia\u0142u ds. Promocji, DUE, DWM oraz organizacji studenckich) opracuje sp\u00f3jny plan komunikacji i promocji. Plan b\u0119dzie zawiera\u0142 harmonogram dzia\u0142a\u0144, dob\u00f3r narz\u0119dzi i kana\u0142\u00f3w informacyjnych (m.in. media spo\u0142eczno\u015bciowe, strona WWW, materia\u0142y drukowane), a tak\u017ce formy przekazu odpowiednie dla m\u0142odych, cyfrowych odbiorc\u00f3w.<\/p>\n\n\n\n<p>Centralnym elementem kampanii b\u0119dzie strona internetowa, zgodna &#8211; tak jak i ca\u0142a strategia komunikacji i promocji &#8211; ze standardami dost\u0119pno\u015bci cyfrowej i informacyjno-komunikacyjnej PP (www.put.poznan.pl\/deklaracja-dostepno\u015bci), oferuj\u0105ca atrakcyjny, intuicyjny interfejs. Strona zaprezentuje zasady udzia\u0142u w programie ERASMUS+, ofert\u0119 dydaktyczn\u0105, walory \u017cycia akademickiego w Poznaniu oraz aktualne informacje dotycz\u0105ce Platformy. R\u00f3wnolegle zostan\u0105 prowadzone dzia\u0142ania w mediach (Instagram, Facebook, LinkedIn, YouTube) z zastosowaniem anga\u017cuj\u0105cych form komunikacji: wywiady wideo z osobami studiuj\u0105cymi, relacje z \u017cycia na uczelni, kr\u00f3tkie filmy instrukta\u017cowe wyja\u015bniaj\u0105ce proces rekrutacji i korzystania z Platformy.<\/p>\n\n\n\n<p>Opracowane zostan\u0105 materia\u0142y promocyjne w formie drukowanej i cyfrowej, podkre\u015blaj\u0105ce elastyczno\u015b\u0107 oferty dydaktycznej, prostot\u0119 aplikacji dzi\u0119ki Platformie i indywidualne podej\u015bcie PP do os\u00f3b studiuj\u0105cych. Kr\u00f3tkie filmy na Instagram i Facebook zaprezentuj\u0105 zalety studiowania w PP, a d\u0142u\u017csze nagrania w serwisach YouTube i na stronie internetowej szczeg\u00f3\u0142owo przedstawi\u0105 unikalne atuty uczelni i Poznania.<\/p>\n\n\n\n<p>Wszystkie tre\u015bci zostan\u0105 przygotowane z my\u015bl\u0105 o zr\u00f3\u017cnicowanych potrzebach j\u0119zykowych i kulturowych odbiorc\u00f3w, z uwzgl\u0119dnieniem inkluzywnego j\u0119zyka i atrakcyjnej oprawy wizualnej. Kampania promocyjna podkre\u015bli te\u017c walory Poznania jako miasta akademickiego, pokazuj\u0105c liczne mo\u017cliwo\u015bci sp\u0119dzania wolnego czasu i dynamiczny charakter \u017cycia studenckiego.<\/p>\n\n\n\n<p>Produktem realizacji zadania b\u0119dzie opracowana strategia promocji i komunikacji, kt\u00f3rej realizacja przyczyni si\u0119 do wzmocnienia pozycji mi\u0119dzynarodowej PP, zwi\u0119kszenia liczb\u0119 aplikacji do programu ERASMUS+ i wypromowania PP jako innowacyjnej, otwartej uczelni, skoncentrowanej na potrzebach student\u00f3w, b\u0119d\u0105cej idealnym miejscem dla student\u00f3w poszukuj\u0105cych nowoczesnych rozwi\u0105za\u0144 edukacyjnych, w pe\u0142ni dostosowanych do wyzwa\u0144 wsp\u00f3\u0142czesnego \u015bwiata.<\/p>\n","protected":false},"excerpt":{"rendered":"<p>Zadanie polega na opracowaniu strategii promocji i komunikacji, kt\u00f3ra podkre\u015bli nowoczesny charakter rozwi\u0105za\u0144 stosowanych przez PP w zakresie oferty dydaktycznej skierowanej do os\u00f3b przyje\u017cd\u017caj\u0105cych w ramach programu ERASMUS+ oraz otwarto\u015b\u0107 i przyjazno\u015b\u0107 PP wobec student\u00f3w mi\u0119dzynarodowych. Strategia skupi si\u0119 na rozpropagowaniu Platformy, elastycznej oferty dydaktycznej w ramach programu ERASMUS+ oraz nowej strategii kszta\u0142cenia opracowanej w [&hellip;]<\/p>\n","protected":false},"author":1,"featured_media":0,"parent":0,"menu_order":0,"comment_status":"closed","ping_status":"closed","template":"","meta":{"footnotes":""},"class_list":["post-41","page","type-page","status-publish","hentry"],"_links":{"self":[{"href":"https:\/\/eeasy.put.poznan.pl\/index.php?rest_route=\/wp\/v2\/pages\/41","targetHints":{"allow":["GET"]}}],"collection":[{"href":"https:\/\/eeasy.put.poznan.pl\/index.php?rest_route=\/wp\/v2\/pages"}],"about":[{"href":"https:\/\/eeasy.put.poznan.pl\/index.php?rest_route=\/wp\/v2\/types\/page"}],"author":[{"embeddable":true,"href":"https:\/\/eeasy.put.poznan.pl\/index.php?rest_route=\/wp\/v2\/users\/1"}],"replies":[{"embeddable":true,"href":"https:\/\/eeasy.put.poznan.pl\/index.php?rest_route=%2Fwp%2Fv2%2Fcomments&post=41"}],"version-history":[{"count":2,"href":"https:\/\/eeasy.put.poznan.pl\/index.php?rest_route=\/wp\/v2\/pages\/41\/revisions"}],"predecessor-version":[{"id":58,"href":"https:\/\/eeasy.put.poznan.pl\/index.php?rest_route=\/wp\/v2\/pages\/41\/revisions\/58"}],"wp:attachment":[{"href":"https:\/\/eeasy.put.poznan.pl\/index.php?rest_route=%2Fwp%2Fv2%2Fmedia&parent=41"}],"curies":[{"name":"wp","href":"https:\/\/api.w.org\/{rel}","templated":true}]}}